{"id":716,"date":"2025-03-07T12:42:20","date_gmt":"2025-03-07T17:42:20","guid":{"rendered":"https:\/\/asynelectric.com\/?post_type=product&#038;p=716"},"modified":"2026-02-27T15:36:12","modified_gmt":"2026-02-27T20:36:12","slug":"rele-logico-programable-opta-lite-8a-04-9-024-8300-finder","status":"publish","type":"product","link":"https:\/\/asynelectric.com\/index.php\/product\/rele-logico-programable-opta-lite-8a-04-9-024-8300-finder\/","title":{"rendered":"REL\u00c9 LOGICO PROGRAMABLE OPTA LITE\u25028A.04.9.024.8300\u2502FINDER"},"content":{"rendered":"<p>El\u00a0<span class=\"T286Pc\" data-sfc-cp=\"\" data-complete=\"true\" data-processed=\"true\">Finder OPTA Lite<\/span>\u00a0es un rel\u00e9 l\u00f3gico programable de alto rendimiento que fusiona la robustez de los componentes industriales de Finder con la flexibilidad del ecosistema\u00a0Arduino. Como modelo de entrada de la serie, el\u00a0OPTA Lite\u00a0cuenta con un potente procesador de doble n\u00facleo que gestiona simult\u00e1neamente tareas en tiempo real y funciones de conectividad mediante su puerto\u00a0Ethernet\u00a0integrado. Dispone de\u00a08 entradas vers\u00e1tiles\u00a0(configurables como digitales o anal\u00f3gicas de 0-10V) y\u00a04 salidas de rel\u00e9 de 10A, lo que permite la maniobra directa de cargas industriales sin necesidad de contactores intermedios en aplicaciones ligeras. Es totalmente programable a trav\u00e9s del\u00a0IDE de Arduino\u00a0o mediante lenguajes industriales est\u00e1ndar (IEC 61131-3), ofreciendo una soluci\u00f3n de automatizaci\u00f3n abierta, segura y escalable mediante su puerto de expansi\u00f3n\u00a0AUX.<\/p>\n","protected":false},"excerpt":{"rendered":"<p>Rel\u00e9 l\u00f3gico programable\u00a0OPTA Lite\u00a0con\u00a08 entradas\u00a0digitales\/anal\u00f3gicas,\u00a04 salidas de rel\u00e9 (10A)\u00a0y puerto\u00a0Ethernet\u00a0integrado para conectividad Modbus TCP\/IP.<\/p>\n","protected":false},"featured_media":2855,"template":"","meta":[],"product_brand":[53],"product_cat":[80],"product_tag":[],"class_list":{"0":"post-716","1":"product","2":"type-product","3":"status-publish","4":"has-post-thumbnail","6":"product_brand-finder","7":"product_cat-controladores-programables","9":"first","10":"instock","11":"taxable","12":"shipping-taxable","13":"product-type-simple"},"yoast_head":"<!-- This site is optimized with the Yoast SEO plugin v27.5 - https:\/\/yoast.com\/product\/yoast-seo-wordpress\/ -->\n<title>REL\u00c9 LOGICO PROGRAMABLE OPTA LITE\u25028A.04.9.024.8300\u2502FINDER - Asyn Electric<\/title>\n<meta name=\"robots\" content=\"noindex, follow\" \/>\n<meta property=\"og:locale\" content=\"es_ES\" \/>\n<meta property=\"og:type\" content=\"article\" \/>\n<meta property=\"og:title\" content=\"REL\u00c9 LOGICO PROGRAMABLE OPTA LITE\u25028A.04.9.024.8300\u2502FINDER - Asyn Electric\" \/>\n<meta property=\"og:description\" content=\"Rel\u00e9 l\u00f3gico programable\u00a0OPTA Lite\u00a0con\u00a08 entradas\u00a0digitales\/anal\u00f3gicas,\u00a04 salidas de rel\u00e9 (10A)\u00a0y puerto\u00a0Ethernet\u00a0integrado para conectividad Modbus TCP\/IP.\" \/>\n<meta property=\"og:url\" content=\"https:\/\/asynelectric.com\/index.php\/product\/rele-logico-programable-opta-lite-8a-04-9-024-8300-finder\/\" \/>\n<meta property=\"og:site_name\" content=\"Asyn Electric\" \/>\n<meta property=\"article:publisher\" content=\"https:\/\/www.facebook.com\/ASYNELECTRIC\" \/>\n<meta property=\"article:modified_time\" content=\"2026-02-27T20:36:12+00:00\" \/>\n<meta property=\"og:image\" content=\"https:\/\/asynelectric.com\/wp-content\/uploads\/2026\/02\/57.png\" \/>\n\t<meta property=\"og:image:width\" content=\"2000\" \/>\n\t<meta property=\"og:image:height\" content=\"2000\" \/>\n\t<meta property=\"og:image:type\" content=\"image\/png\" \/>\n<meta name=\"twitter:card\" content=\"summary_large_image\" \/>\n<meta name=\"twitter:label1\" content=\"Tiempo de lectura\" \/>\n\t<meta name=\"twitter:data1\" content=\"1 minuto\" \/>\n<script type=\"application\/ld+json\" class=\"yoast-schema-graph\">{\"@context\":\"https:\\\/\\\/schema.org\",\"@graph\":[{\"@type\":\"WebPage\",\"@id\":\"https:\\\/\\\/asynelectric.com\\\/index.php\\\/product\\\/rele-logico-programable-opta-lite-8a-04-9-024-8300-finder\\\/\",\"url\":\"https:\\\/\\\/asynelectric.com\\\/index.php\\\/product\\\/rele-logico-programable-opta-lite-8a-04-9-024-8300-finder\\\/\",\"name\":\"REL\u00c9 LOGICO PROGRAMABLE OPTA LITE\u25028A.04.9.024.8300\u2502FINDER - Asyn Electric\",\"isPartOf\":{\"@id\":\"https:\\\/\\\/asynelectric.com\\\/#website\"},\"primaryImageOfPage\":{\"@id\":\"https:\\\/\\\/asynelectric.com\\\/index.php\\\/product\\\/rele-logico-programable-opta-lite-8a-04-9-024-8300-finder\\\/#primaryimage\"},\"image\":{\"@id\":\"https:\\\/\\\/asynelectric.com\\\/index.php\\\/product\\\/rele-logico-programable-opta-lite-8a-04-9-024-8300-finder\\\/#primaryimage\"},\"thumbnailUrl\":\"https:\\\/\\\/asynelectric.com\\\/wp-content\\\/uploads\\\/2026\\\/02\\\/57.png\",\"datePublished\":\"2025-03-07T17:42:20+00:00\",\"dateModified\":\"2026-02-27T20:36:12+00:00\",\"breadcrumb\":{\"@id\":\"https:\\\/\\\/asynelectric.com\\\/index.php\\\/product\\\/rele-logico-programable-opta-lite-8a-04-9-024-8300-finder\\\/#breadcrumb\"},\"inLanguage\":\"es\",\"potentialAction\":[{\"@type\":\"ReadAction\",\"target\":[\"https:\\\/\\\/asynelectric.com\\\/index.php\\\/product\\\/rele-logico-programable-opta-lite-8a-04-9-024-8300-finder\\\/\"]}]},{\"@type\":\"ImageObject\",\"inLanguage\":\"es\",\"@id\":\"https:\\\/\\\/asynelectric.com\\\/index.php\\\/product\\\/rele-logico-programable-opta-lite-8a-04-9-024-8300-finder\\\/#primaryimage\",\"url\":\"https:\\\/\\\/asynelectric.com\\\/wp-content\\\/uploads\\\/2026\\\/02\\\/57.png\",\"contentUrl\":\"https:\\\/\\\/asynelectric.com\\\/wp-content\\\/uploads\\\/2026\\\/02\\\/57.png\",\"width\":2000,\"height\":2000},{\"@type\":\"BreadcrumbList\",\"@id\":\"https:\\\/\\\/asynelectric.com\\\/index.php\\\/product\\\/rele-logico-programable-opta-lite-8a-04-9-024-8300-finder\\\/#breadcrumb\",\"itemListElement\":[{\"@type\":\"ListItem\",\"position\":1,\"name\":\"Portada\",\"item\":\"https:\\\/\\\/asynelectric.com\\\/\"},{\"@type\":\"ListItem\",\"position\":2,\"name\":\"Productos\",\"item\":\"https:\\\/\\\/asynelectric.com\\\/index.php\\\/products\\\/\"},{\"@type\":\"ListItem\",\"position\":3,\"name\":\"REL\u00c9 LOGICO PROGRAMABLE OPTA LITE\u25028A.04.9.024.8300\u2502FINDER\"}]},{\"@type\":\"WebSite\",\"@id\":\"https:\\\/\\\/asynelectric.com\\\/#website\",\"url\":\"https:\\\/\\\/asynelectric.com\\\/\",\"name\":\"Asyn Electric\",\"description\":\"Venta de productos electricos, automatizacion y domotica\",\"publisher\":{\"@id\":\"https:\\\/\\\/asynelectric.com\\\/#organization\"},\"potentialAction\":[{\"@type\":\"SearchAction\",\"target\":{\"@type\":\"EntryPoint\",\"urlTemplate\":\"https:\\\/\\\/asynelectric.com\\\/?s={search_term_string}\"},\"query-input\":{\"@type\":\"PropertyValueSpecification\",\"valueRequired\":true,\"valueName\":\"search_term_string\"}}],\"inLanguage\":\"es\"},{\"@type\":\"Organization\",\"@id\":\"https:\\\/\\\/asynelectric.com\\\/#organization\",\"name\":\"Asyn Electric\",\"url\":\"https:\\\/\\\/asynelectric.com\\\/\",\"logo\":{\"@type\":\"ImageObject\",\"inLanguage\":\"es\",\"@id\":\"https:\\\/\\\/asynelectric.com\\\/#\\\/schema\\\/logo\\\/image\\\/\",\"url\":\"https:\\\/\\\/asynelectric.com\\\/wp-content\\\/uploads\\\/2025\\\/05\\\/ABB-1.png\",\"contentUrl\":\"https:\\\/\\\/asynelectric.com\\\/wp-content\\\/uploads\\\/2025\\\/05\\\/ABB-1.png\",\"width\":2000,\"height\":2000,\"caption\":\"Asyn Electric\"},\"image\":{\"@id\":\"https:\\\/\\\/asynelectric.com\\\/#\\\/schema\\\/logo\\\/image\\\/\"},\"sameAs\":[\"https:\\\/\\\/www.facebook.com\\\/ASYNELECTRIC\",\"https:\\\/\\\/www.instagram.com\\\/asynelectric.pe\\\/\"]}]}<\/script>\n<!-- \/ Yoast SEO plugin. -->","yoast_head_json":{"title":"REL\u00c9 LOGICO PROGRAMABLE OPTA LITE\u25028A.04.9.024.8300\u2502FINDER - Asyn Electric","robots":{"index":"noindex","follow":"follow"},"og_locale":"es_ES","og_type":"article","og_title":"REL\u00c9 LOGICO PROGRAMABLE OPTA LITE\u25028A.04.9.024.8300\u2502FINDER - Asyn Electric","og_description":"Rel\u00e9 l\u00f3gico programable\u00a0OPTA Lite\u00a0con\u00a08 entradas\u00a0digitales\/anal\u00f3gicas,\u00a04 salidas de rel\u00e9 (10A)\u00a0y puerto\u00a0Ethernet\u00a0integrado para conectividad Modbus TCP\/IP.","og_url":"https:\/\/asynelectric.com\/index.php\/product\/rele-logico-programable-opta-lite-8a-04-9-024-8300-finder\/","og_site_name":"Asyn Electric","article_publisher":"https:\/\/www.facebook.com\/ASYNELECTRIC","article_modified_time":"2026-02-27T20:36:12+00:00","og_image":[{"width":2000,"height":2000,"url":"https:\/\/asynelectric.com\/wp-content\/uploads\/2026\/02\/57.png","type":"image\/png"}],"twitter_card":"summary_large_image","twitter_misc":{"Tiempo de lectura":"1 minuto"},"schema":{"@context":"https:\/\/schema.org","@graph":[{"@type":"WebPage","@id":"https:\/\/asynelectric.com\/index.php\/product\/rele-logico-programable-opta-lite-8a-04-9-024-8300-finder\/","url":"https:\/\/asynelectric.com\/index.php\/product\/rele-logico-programable-opta-lite-8a-04-9-024-8300-finder\/","name":"REL\u00c9 LOGICO PROGRAMABLE OPTA LITE\u25028A.04.9.024.8300\u2502FINDER - Asyn Electric","isPartOf":{"@id":"https:\/\/asynelectric.com\/#website"},"primaryImageOfPage":{"@id":"https:\/\/asynelectric.com\/index.php\/product\/rele-logico-programable-opta-lite-8a-04-9-024-8300-finder\/#primaryimage"},"image":{"@id":"https:\/\/asynelectric.com\/index.php\/product\/rele-logico-programable-opta-lite-8a-04-9-024-8300-finder\/#primaryimage"},"thumbnailUrl":"https:\/\/asynelectric.com\/wp-content\/uploads\/2026\/02\/57.png","datePublished":"2025-03-07T17:42:20+00:00","dateModified":"2026-02-27T20:36:12+00:00","breadcrumb":{"@id":"https:\/\/asynelectric.com\/index.php\/product\/rele-logico-programable-opta-lite-8a-04-9-024-8300-finder\/#breadcrumb"},"inLanguage":"es","potentialAction":[{"@type":"ReadAction","target":["https:\/\/asynelectric.com\/index.php\/product\/rele-logico-programable-opta-lite-8a-04-9-024-8300-finder\/"]}]},{"@type":"ImageObject","inLanguage":"es","@id":"https:\/\/asynelectric.com\/index.php\/product\/rele-logico-programable-opta-lite-8a-04-9-024-8300-finder\/#primaryimage","url":"https:\/\/asynelectric.com\/wp-content\/uploads\/2026\/02\/57.png","contentUrl":"https:\/\/asynelectric.com\/wp-content\/uploads\/2026\/02\/57.png","width":2000,"height":2000},{"@type":"BreadcrumbList","@id":"https:\/\/asynelectric.com\/index.php\/product\/rele-logico-programable-opta-lite-8a-04-9-024-8300-finder\/#breadcrumb","itemListElement":[{"@type":"ListItem","position":1,"name":"Portada","item":"https:\/\/asynelectric.com\/"},{"@type":"ListItem","position":2,"name":"Productos","item":"https:\/\/asynelectric.com\/index.php\/products\/"},{"@type":"ListItem","position":3,"name":"REL\u00c9 LOGICO PROGRAMABLE OPTA LITE\u25028A.04.9.024.8300\u2502FINDER"}]},{"@type":"WebSite","@id":"https:\/\/asynelectric.com\/#website","url":"https:\/\/asynelectric.com\/","name":"Asyn Electric","description":"Venta de productos electricos, automatizacion y domotica","publisher":{"@id":"https:\/\/asynelectric.com\/#organization"},"potentialAction":[{"@type":"SearchAction","target":{"@type":"EntryPoint","urlTemplate":"https:\/\/asynelectric.com\/?s={search_term_string}"},"query-input":{"@type":"PropertyValueSpecification","valueRequired":true,"valueName":"search_term_string"}}],"inLanguage":"es"},{"@type":"Organization","@id":"https:\/\/asynelectric.com\/#organization","name":"Asyn Electric","url":"https:\/\/asynelectric.com\/","logo":{"@type":"ImageObject","inLanguage":"es","@id":"https:\/\/asynelectric.com\/#\/schema\/logo\/image\/","url":"https:\/\/asynelectric.com\/wp-content\/uploads\/2025\/05\/ABB-1.png","contentUrl":"https:\/\/asynelectric.com\/wp-content\/uploads\/2025\/05\/ABB-1.png","width":2000,"height":2000,"caption":"Asyn Electric"},"image":{"@id":"https:\/\/asynelectric.com\/#\/schema\/logo\/image\/"},"sameAs":["https:\/\/www.facebook.com\/ASYNELECTRIC","https:\/\/www.instagram.com\/asynelectric.pe\/"]}]}},"_links":{"self":[{"href":"https:\/\/asynelectric.com\/index.php\/wp-json\/wp\/v2\/product\/716","targetHints":{"allow":["GET"]}}],"collection":[{"href":"https:\/\/asynelectric.com\/index.php\/wp-json\/wp\/v2\/product"}],"about":[{"href":"https:\/\/asynelectric.com\/index.php\/wp-json\/wp\/v2\/types\/product"}],"wp:featuredmedia":[{"embeddable":true,"href":"https:\/\/asynelectric.com\/index.php\/wp-json\/wp\/v2\/media\/2855"}],"wp:attachment":[{"href":"https:\/\/asynelectric.com\/index.php\/wp-json\/wp\/v2\/media?parent=716"}],"wp:term":[{"taxonomy":"product_brand","embeddable":true,"href":"https:\/\/asynelectric.com\/index.php\/wp-json\/wp\/v2\/product_brand?post=716"},{"taxonomy":"product_cat","embeddable":true,"href":"https:\/\/asynelectric.com\/index.php\/wp-json\/wp\/v2\/product_cat?post=716"},{"taxonomy":"product_tag","embeddable":true,"href":"https:\/\/asynelectric.com\/index.php\/wp-json\/wp\/v2\/product_tag?post=716"}],"curies":[{"name":"wp","href":"https:\/\/api.w.org\/{rel}","templated":true}]}}