{"id":1892,"date":"2025-05-23T11:45:34","date_gmt":"2025-05-23T16:45:34","guid":{"rendered":"https:\/\/asynelectric.com\/?post_type=product&#038;p=1892"},"modified":"2025-05-23T11:46:40","modified_gmt":"2025-05-23T16:46:40","slug":"interruptor-de-transferencia-automatica-4p-100a-sats-100-sigma-elektrik","status":"publish","type":"product","link":"https:\/\/asynelectric.com\/index.php\/product\/interruptor-de-transferencia-automatica-4p-100a-sats-100-sigma-elektrik\/","title":{"rendered":"INTERRUPTOR DE TRANSFERENCIA AUTOM\u00c1TICA 4P 100A\u2502SATS-100\u2502SIGMA ELEKTRIK"},"content":{"rendered":"<p>El <strong data-start=\"381\" data-end=\"392\">SATS-100<\/strong> de <strong data-start=\"396\" data-end=\"414\">SIGMA ELEKTRIK<\/strong> es un interruptor de transferencia autom\u00e1tica dise\u00f1ado para garantizar el suministro continuo de energ\u00eda en instalaciones trif\u00e1sicas. Este modelo con <strong data-start=\"565\" data-end=\"594\">capacidad de 100 amperios<\/strong> permite conmutar de forma autom\u00e1tica entre dos fuentes, como la red el\u00e9ctrica y un generador, en caso de falla del suministro principal. Su sistema de control inteligente y su estructura compacta hacen de este ATS una soluci\u00f3n pr\u00e1ctica, segura y confiable para aplicaciones residenciales, comerciales o industriales.<\/p>\n","protected":false},"excerpt":{"rendered":"<p data-start=\"228\" data-end=\"339\">Interruptor de transferencia autom\u00e1tica de 100A y 4 polos, ideal para conmutar entre red el\u00e9ctrica y generador.<\/p>\n","protected":false},"featured_media":0,"template":"","meta":[],"product_brand":[50],"product_cat":[108],"product_tag":[],"class_list":{"0":"post-1892","1":"product","2":"type-product","3":"status-publish","5":"product_brand-sigma","6":"product_cat-interruptores-de-transferencia-automatica","8":"first","9":"instock","10":"taxable","11":"shipping-taxable","12":"product-type-simple"},"yoast_head":"<!-- This site is optimized with the Yoast SEO plugin v27.5 - https:\/\/yoast.com\/product\/yoast-seo-wordpress\/ -->\n<title>INTERRUPTOR DE TRANSFERENCIA AUTOM\u00c1TICA 4P 100A\u2502SATS-100\u2502SIGMA ELEKTRIK - Asyn Electric<\/title>\n<meta name=\"robots\" content=\"noindex, follow\" \/>\n<meta property=\"og:locale\" content=\"es_ES\" \/>\n<meta property=\"og:type\" content=\"article\" \/>\n<meta property=\"og:title\" content=\"INTERRUPTOR DE TRANSFERENCIA AUTOM\u00c1TICA 4P 100A\u2502SATS-100\u2502SIGMA ELEKTRIK - Asyn Electric\" \/>\n<meta property=\"og:description\" content=\"Interruptor de transferencia autom\u00e1tica de 100A y 4 polos, ideal para conmutar entre red el\u00e9ctrica y generador.\" \/>\n<meta property=\"og:url\" content=\"https:\/\/asynelectric.com\/index.php\/product\/interruptor-de-transferencia-automatica-4p-100a-sats-100-sigma-elektrik\/\" \/>\n<meta property=\"og:site_name\" content=\"Asyn Electric\" \/>\n<meta property=\"article:publisher\" content=\"https:\/\/www.facebook.com\/ASYNELECTRIC\" \/>\n<meta property=\"article:modified_time\" content=\"2025-05-23T16:46:40+00:00\" \/>\n<meta property=\"og:image\" content=\"https:\/\/asynelectric.com\/wp-content\/uploads\/2025\/05\/logo-positivo-rojo-fondo-transparente.png\" \/>\n\t<meta property=\"og:image:width\" content=\"5458\" \/>\n\t<meta property=\"og:image:height\" content=\"2481\" \/>\n\t<meta property=\"og:image:type\" content=\"image\/png\" \/>\n<meta name=\"twitter:card\" content=\"summary_large_image\" \/>\n<meta name=\"twitter:label1\" content=\"Tiempo de lectura\" \/>\n\t<meta name=\"twitter:data1\" content=\"1 minuto\" \/>\n<script type=\"application\/ld+json\" class=\"yoast-schema-graph\">{\"@context\":\"https:\\\/\\\/schema.org\",\"@graph\":[{\"@type\":\"WebPage\",\"@id\":\"https:\\\/\\\/asynelectric.com\\\/index.php\\\/product\\\/interruptor-de-transferencia-automatica-4p-100a-sats-100-sigma-elektrik\\\/\",\"url\":\"https:\\\/\\\/asynelectric.com\\\/index.php\\\/product\\\/interruptor-de-transferencia-automatica-4p-100a-sats-100-sigma-elektrik\\\/\",\"name\":\"INTERRUPTOR DE TRANSFERENCIA AUTOM\u00c1TICA 4P 100A\u2502SATS-100\u2502SIGMA ELEKTRIK - Asyn Electric\",\"isPartOf\":{\"@id\":\"https:\\\/\\\/asynelectric.com\\\/#website\"},\"datePublished\":\"2025-05-23T16:45:34+00:00\",\"dateModified\":\"2025-05-23T16:46:40+00:00\",\"breadcrumb\":{\"@id\":\"https:\\\/\\\/asynelectric.com\\\/index.php\\\/product\\\/interruptor-de-transferencia-automatica-4p-100a-sats-100-sigma-elektrik\\\/#breadcrumb\"},\"inLanguage\":\"es\",\"potentialAction\":[{\"@type\":\"ReadAction\",\"target\":[\"https:\\\/\\\/asynelectric.com\\\/index.php\\\/product\\\/interruptor-de-transferencia-automatica-4p-100a-sats-100-sigma-elektrik\\\/\"]}]},{\"@type\":\"BreadcrumbList\",\"@id\":\"https:\\\/\\\/asynelectric.com\\\/index.php\\\/product\\\/interruptor-de-transferencia-automatica-4p-100a-sats-100-sigma-elektrik\\\/#breadcrumb\",\"itemListElement\":[{\"@type\":\"ListItem\",\"position\":1,\"name\":\"Portada\",\"item\":\"https:\\\/\\\/asynelectric.com\\\/\"},{\"@type\":\"ListItem\",\"position\":2,\"name\":\"Productos\",\"item\":\"https:\\\/\\\/asynelectric.com\\\/index.php\\\/products\\\/\"},{\"@type\":\"ListItem\",\"position\":3,\"name\":\"INTERRUPTOR DE TRANSFERENCIA AUTOM\u00c1TICA 4P 100A\u2502SATS-100\u2502SIGMA ELEKTRIK\"}]},{\"@type\":\"WebSite\",\"@id\":\"https:\\\/\\\/asynelectric.com\\\/#website\",\"url\":\"https:\\\/\\\/asynelectric.com\\\/\",\"name\":\"Asyn Electric\",\"description\":\"Venta de productos electricos, automatizacion y domotica\",\"publisher\":{\"@id\":\"https:\\\/\\\/asynelectric.com\\\/#organization\"},\"potentialAction\":[{\"@type\":\"SearchAction\",\"target\":{\"@type\":\"EntryPoint\",\"urlTemplate\":\"https:\\\/\\\/asynelectric.com\\\/?s={search_term_string}\"},\"query-input\":{\"@type\":\"PropertyValueSpecification\",\"valueRequired\":true,\"valueName\":\"search_term_string\"}}],\"inLanguage\":\"es\"},{\"@type\":\"Organization\",\"@id\":\"https:\\\/\\\/asynelectric.com\\\/#organization\",\"name\":\"Asyn Electric\",\"url\":\"https:\\\/\\\/asynelectric.com\\\/\",\"logo\":{\"@type\":\"ImageObject\",\"inLanguage\":\"es\",\"@id\":\"https:\\\/\\\/asynelectric.com\\\/#\\\/schema\\\/logo\\\/image\\\/\",\"url\":\"https:\\\/\\\/asynelectric.com\\\/wp-content\\\/uploads\\\/2025\\\/05\\\/ABB-1.png\",\"contentUrl\":\"https:\\\/\\\/asynelectric.com\\\/wp-content\\\/uploads\\\/2025\\\/05\\\/ABB-1.png\",\"width\":2000,\"height\":2000,\"caption\":\"Asyn Electric\"},\"image\":{\"@id\":\"https:\\\/\\\/asynelectric.com\\\/#\\\/schema\\\/logo\\\/image\\\/\"},\"sameAs\":[\"https:\\\/\\\/www.facebook.com\\\/ASYNELECTRIC\",\"https:\\\/\\\/www.instagram.com\\\/asynelectric.pe\\\/\"]}]}<\/script>\n<!-- \/ Yoast SEO plugin. -->","yoast_head_json":{"title":"INTERRUPTOR DE TRANSFERENCIA AUTOM\u00c1TICA 4P 100A\u2502SATS-100\u2502SIGMA ELEKTRIK - Asyn Electric","robots":{"index":"noindex","follow":"follow"},"og_locale":"es_ES","og_type":"article","og_title":"INTERRUPTOR DE TRANSFERENCIA AUTOM\u00c1TICA 4P 100A\u2502SATS-100\u2502SIGMA ELEKTRIK - Asyn Electric","og_description":"Interruptor de transferencia autom\u00e1tica de 100A y 4 polos, ideal para conmutar entre red el\u00e9ctrica y generador.","og_url":"https:\/\/asynelectric.com\/index.php\/product\/interruptor-de-transferencia-automatica-4p-100a-sats-100-sigma-elektrik\/","og_site_name":"Asyn Electric","article_publisher":"https:\/\/www.facebook.com\/ASYNELECTRIC","article_modified_time":"2025-05-23T16:46:40+00:00","og_image":[{"width":5458,"height":2481,"url":"https:\/\/asynelectric.com\/wp-content\/uploads\/2025\/05\/logo-positivo-rojo-fondo-transparente.png","type":"image\/png"}],"twitter_card":"summary_large_image","twitter_misc":{"Tiempo de lectura":"1 minuto"},"schema":{"@context":"https:\/\/schema.org","@graph":[{"@type":"WebPage","@id":"https:\/\/asynelectric.com\/index.php\/product\/interruptor-de-transferencia-automatica-4p-100a-sats-100-sigma-elektrik\/","url":"https:\/\/asynelectric.com\/index.php\/product\/interruptor-de-transferencia-automatica-4p-100a-sats-100-sigma-elektrik\/","name":"INTERRUPTOR DE TRANSFERENCIA AUTOM\u00c1TICA 4P 100A\u2502SATS-100\u2502SIGMA ELEKTRIK - Asyn Electric","isPartOf":{"@id":"https:\/\/asynelectric.com\/#website"},"datePublished":"2025-05-23T16:45:34+00:00","dateModified":"2025-05-23T16:46:40+00:00","breadcrumb":{"@id":"https:\/\/asynelectric.com\/index.php\/product\/interruptor-de-transferencia-automatica-4p-100a-sats-100-sigma-elektrik\/#breadcrumb"},"inLanguage":"es","potentialAction":[{"@type":"ReadAction","target":["https:\/\/asynelectric.com\/index.php\/product\/interruptor-de-transferencia-automatica-4p-100a-sats-100-sigma-elektrik\/"]}]},{"@type":"BreadcrumbList","@id":"https:\/\/asynelectric.com\/index.php\/product\/interruptor-de-transferencia-automatica-4p-100a-sats-100-sigma-elektrik\/#breadcrumb","itemListElement":[{"@type":"ListItem","position":1,"name":"Portada","item":"https:\/\/asynelectric.com\/"},{"@type":"ListItem","position":2,"name":"Productos","item":"https:\/\/asynelectric.com\/index.php\/products\/"},{"@type":"ListItem","position":3,"name":"INTERRUPTOR DE TRANSFERENCIA AUTOM\u00c1TICA 4P 100A\u2502SATS-100\u2502SIGMA ELEKTRIK"}]},{"@type":"WebSite","@id":"https:\/\/asynelectric.com\/#website","url":"https:\/\/asynelectric.com\/","name":"Asyn Electric","description":"Venta de productos electricos, automatizacion y domotica","publisher":{"@id":"https:\/\/asynelectric.com\/#organization"},"potentialAction":[{"@type":"SearchAction","target":{"@type":"EntryPoint","urlTemplate":"https:\/\/asynelectric.com\/?s={search_term_string}"},"query-input":{"@type":"PropertyValueSpecification","valueRequired":true,"valueName":"search_term_string"}}],"inLanguage":"es"},{"@type":"Organization","@id":"https:\/\/asynelectric.com\/#organization","name":"Asyn Electric","url":"https:\/\/asynelectric.com\/","logo":{"@type":"ImageObject","inLanguage":"es","@id":"https:\/\/asynelectric.com\/#\/schema\/logo\/image\/","url":"https:\/\/asynelectric.com\/wp-content\/uploads\/2025\/05\/ABB-1.png","contentUrl":"https:\/\/asynelectric.com\/wp-content\/uploads\/2025\/05\/ABB-1.png","width":2000,"height":2000,"caption":"Asyn Electric"},"image":{"@id":"https:\/\/asynelectric.com\/#\/schema\/logo\/image\/"},"sameAs":["https:\/\/www.facebook.com\/ASYNELECTRIC","https:\/\/www.instagram.com\/asynelectric.pe\/"]}]}},"_links":{"self":[{"href":"https:\/\/asynelectric.com\/index.php\/wp-json\/wp\/v2\/product\/1892","targetHints":{"allow":["GET"]}}],"collection":[{"href":"https:\/\/asynelectric.com\/index.php\/wp-json\/wp\/v2\/product"}],"about":[{"href":"https:\/\/asynelectric.com\/index.php\/wp-json\/wp\/v2\/types\/product"}],"wp:attachment":[{"href":"https:\/\/asynelectric.com\/index.php\/wp-json\/wp\/v2\/media?parent=1892"}],"wp:term":[{"taxonomy":"product_brand","embeddable":true,"href":"https:\/\/asynelectric.com\/index.php\/wp-json\/wp\/v2\/product_brand?post=1892"},{"taxonomy":"product_cat","embeddable":true,"href":"https:\/\/asynelectric.com\/index.php\/wp-json\/wp\/v2\/product_cat?post=1892"},{"taxonomy":"product_tag","embeddable":true,"href":"https:\/\/asynelectric.com\/index.php\/wp-json\/wp\/v2\/product_tag?post=1892"}],"curies":[{"name":"wp","href":"https:\/\/api.w.org\/{rel}","templated":true}]}}