{"id":1850,"date":"2025-05-17T11:09:05","date_gmt":"2025-05-17T16:09:05","guid":{"rendered":"https:\/\/asynelectric.com\/?post_type=product&#038;p=1850"},"modified":"2025-05-19T11:42:28","modified_gmt":"2025-05-19T16:42:28","slug":"dispositivo-de-proteccion-contra-sobretensiones-4p-400v-100ka-serie-sp4-bc100-sigma-elektrik","status":"publish","type":"product","link":"https:\/\/asynelectric.com\/index.php\/product\/dispositivo-de-proteccion-contra-sobretensiones-4p-400v-100ka-serie-sp4-bc100-sigma-elektrik\/","title":{"rendered":"DISPOSITIVO DE PROTECCI\u00d3N CONTRA SOBRETENSIONES TIPO 1+2 4P 400V 100kA\u2502SERIE SP4-BC100\u2502SIGMA ELEKTRIK"},"content":{"rendered":"<p>El <strong data-start=\"841\" data-end=\"854\">SP4-BC100<\/strong> de SIGMA ELEKTRIK es un protector contra sobretensiones dise\u00f1ado para salvaguardar instalaciones el\u00e9ctricas contra picos de tensi\u00f3n causados por descargas atmosf\u00e9ricas o conmutaciones en la red. Su configuraci\u00f3n de 4 polos lo hace adecuado para sistemas trif\u00e1sicos con neutro, ofreciendo una protecci\u00f3n integral en cada l\u00ednea. Con una capacidad de descarga de hasta 100 kA, este dispositivo es esencial para mantener la integridad de equipos sensibles y garantizar la continuidad operativa en entornos exigentes.<\/p>\n","protected":false},"excerpt":{"rendered":"<p>Dispositivo de protecci\u00f3n contra sobretensiones (SPD) tipo B+C de 4 polos, con capacidad de descarga de 100 kA, ideal para sistemas trif\u00e1sicos en entornos industriales y comerciales.<\/p>\n","protected":false},"featured_media":0,"template":"","meta":[],"product_brand":[50],"product_cat":[15],"product_tag":[],"class_list":{"0":"post-1850","1":"product","2":"type-product","3":"status-publish","5":"product_brand-sigma","6":"product_cat-uncategorized","8":"first","9":"instock","10":"taxable","11":"shipping-taxable","12":"product-type-simple"},"yoast_head":"<!-- This site is optimized with the Yoast SEO plugin v27.5 - https:\/\/yoast.com\/product\/yoast-seo-wordpress\/ -->\n<title>DISPOSITIVO DE PROTECCI\u00d3N CONTRA SOBRETENSIONES TIPO 1+2 4P 400V 100kA\u2502SERIE SP4-BC100\u2502SIGMA ELEKTRIK - Asyn Electric<\/title>\n<meta name=\"robots\" content=\"noindex, follow\" \/>\n<meta property=\"og:locale\" content=\"es_ES\" \/>\n<meta property=\"og:type\" content=\"article\" \/>\n<meta property=\"og:title\" content=\"DISPOSITIVO DE PROTECCI\u00d3N CONTRA SOBRETENSIONES TIPO 1+2 4P 400V 100kA\u2502SERIE SP4-BC100\u2502SIGMA ELEKTRIK - Asyn Electric\" \/>\n<meta property=\"og:description\" content=\"Dispositivo de protecci\u00f3n contra sobretensiones (SPD) tipo B+C de 4 polos, con capacidad de descarga de 100 kA, ideal para sistemas trif\u00e1sicos en entornos industriales y comerciales.\" \/>\n<meta property=\"og:url\" content=\"https:\/\/asynelectric.com\/index.php\/product\/dispositivo-de-proteccion-contra-sobretensiones-4p-400v-100ka-serie-sp4-bc100-sigma-elektrik\/\" \/>\n<meta property=\"og:site_name\" content=\"Asyn Electric\" \/>\n<meta property=\"article:publisher\" content=\"https:\/\/www.facebook.com\/ASYNELECTRIC\" \/>\n<meta property=\"article:modified_time\" content=\"2025-05-19T16:42:28+00:00\" \/>\n<meta property=\"og:image\" content=\"https:\/\/asynelectric.com\/wp-content\/uploads\/2025\/05\/logo-positivo-rojo-fondo-transparente.png\" \/>\n\t<meta property=\"og:image:width\" content=\"5458\" \/>\n\t<meta property=\"og:image:height\" content=\"2481\" \/>\n\t<meta property=\"og:image:type\" content=\"image\/png\" \/>\n<meta name=\"twitter:card\" content=\"summary_large_image\" \/>\n<meta name=\"twitter:label1\" content=\"Tiempo de lectura\" \/>\n\t<meta name=\"twitter:data1\" content=\"1 minuto\" \/>\n<script type=\"application\/ld+json\" class=\"yoast-schema-graph\">{\"@context\":\"https:\\\/\\\/schema.org\",\"@graph\":[{\"@type\":\"WebPage\",\"@id\":\"https:\\\/\\\/asynelectric.com\\\/index.php\\\/product\\\/dispositivo-de-proteccion-contra-sobretensiones-4p-400v-100ka-serie-sp4-bc100-sigma-elektrik\\\/\",\"url\":\"https:\\\/\\\/asynelectric.com\\\/index.php\\\/product\\\/dispositivo-de-proteccion-contra-sobretensiones-4p-400v-100ka-serie-sp4-bc100-sigma-elektrik\\\/\",\"name\":\"DISPOSITIVO DE PROTECCI\u00d3N CONTRA SOBRETENSIONES TIPO 1+2 4P 400V 100kA\u2502SERIE SP4-BC100\u2502SIGMA ELEKTRIK - Asyn Electric\",\"isPartOf\":{\"@id\":\"https:\\\/\\\/asynelectric.com\\\/#website\"},\"datePublished\":\"2025-05-17T16:09:05+00:00\",\"dateModified\":\"2025-05-19T16:42:28+00:00\",\"breadcrumb\":{\"@id\":\"https:\\\/\\\/asynelectric.com\\\/index.php\\\/product\\\/dispositivo-de-proteccion-contra-sobretensiones-4p-400v-100ka-serie-sp4-bc100-sigma-elektrik\\\/#breadcrumb\"},\"inLanguage\":\"es\",\"potentialAction\":[{\"@type\":\"ReadAction\",\"target\":[\"https:\\\/\\\/asynelectric.com\\\/index.php\\\/product\\\/dispositivo-de-proteccion-contra-sobretensiones-4p-400v-100ka-serie-sp4-bc100-sigma-elektrik\\\/\"]}]},{\"@type\":\"BreadcrumbList\",\"@id\":\"https:\\\/\\\/asynelectric.com\\\/index.php\\\/product\\\/dispositivo-de-proteccion-contra-sobretensiones-4p-400v-100ka-serie-sp4-bc100-sigma-elektrik\\\/#breadcrumb\",\"itemListElement\":[{\"@type\":\"ListItem\",\"position\":1,\"name\":\"Portada\",\"item\":\"https:\\\/\\\/asynelectric.com\\\/\"},{\"@type\":\"ListItem\",\"position\":2,\"name\":\"Productos\",\"item\":\"https:\\\/\\\/asynelectric.com\\\/index.php\\\/products\\\/\"},{\"@type\":\"ListItem\",\"position\":3,\"name\":\"DISPOSITIVO DE PROTECCI\u00d3N CONTRA SOBRETENSIONES TIPO 1+2 4P 400V 100kA\u2502SERIE SP4-BC100\u2502SIGMA ELEKTRIK\"}]},{\"@type\":\"WebSite\",\"@id\":\"https:\\\/\\\/asynelectric.com\\\/#website\",\"url\":\"https:\\\/\\\/asynelectric.com\\\/\",\"name\":\"Asyn Electric\",\"description\":\"Venta de productos electricos, automatizacion y domotica\",\"publisher\":{\"@id\":\"https:\\\/\\\/asynelectric.com\\\/#organization\"},\"potentialAction\":[{\"@type\":\"SearchAction\",\"target\":{\"@type\":\"EntryPoint\",\"urlTemplate\":\"https:\\\/\\\/asynelectric.com\\\/?s={search_term_string}\"},\"query-input\":{\"@type\":\"PropertyValueSpecification\",\"valueRequired\":true,\"valueName\":\"search_term_string\"}}],\"inLanguage\":\"es\"},{\"@type\":\"Organization\",\"@id\":\"https:\\\/\\\/asynelectric.com\\\/#organization\",\"name\":\"Asyn Electric\",\"url\":\"https:\\\/\\\/asynelectric.com\\\/\",\"logo\":{\"@type\":\"ImageObject\",\"inLanguage\":\"es\",\"@id\":\"https:\\\/\\\/asynelectric.com\\\/#\\\/schema\\\/logo\\\/image\\\/\",\"url\":\"https:\\\/\\\/asynelectric.com\\\/wp-content\\\/uploads\\\/2025\\\/05\\\/ABB-1.png\",\"contentUrl\":\"https:\\\/\\\/asynelectric.com\\\/wp-content\\\/uploads\\\/2025\\\/05\\\/ABB-1.png\",\"width\":2000,\"height\":2000,\"caption\":\"Asyn Electric\"},\"image\":{\"@id\":\"https:\\\/\\\/asynelectric.com\\\/#\\\/schema\\\/logo\\\/image\\\/\"},\"sameAs\":[\"https:\\\/\\\/www.facebook.com\\\/ASYNELECTRIC\",\"https:\\\/\\\/www.instagram.com\\\/asynelectric.pe\\\/\"]}]}<\/script>\n<!-- \/ Yoast SEO plugin. -->","yoast_head_json":{"title":"DISPOSITIVO DE PROTECCI\u00d3N CONTRA SOBRETENSIONES TIPO 1+2 4P 400V 100kA\u2502SERIE SP4-BC100\u2502SIGMA ELEKTRIK - Asyn Electric","robots":{"index":"noindex","follow":"follow"},"og_locale":"es_ES","og_type":"article","og_title":"DISPOSITIVO DE PROTECCI\u00d3N CONTRA SOBRETENSIONES TIPO 1+2 4P 400V 100kA\u2502SERIE SP4-BC100\u2502SIGMA ELEKTRIK - Asyn Electric","og_description":"Dispositivo de protecci\u00f3n contra sobretensiones (SPD) tipo B+C de 4 polos, con capacidad de descarga de 100 kA, ideal para sistemas trif\u00e1sicos en entornos industriales y comerciales.","og_url":"https:\/\/asynelectric.com\/index.php\/product\/dispositivo-de-proteccion-contra-sobretensiones-4p-400v-100ka-serie-sp4-bc100-sigma-elektrik\/","og_site_name":"Asyn Electric","article_publisher":"https:\/\/www.facebook.com\/ASYNELECTRIC","article_modified_time":"2025-05-19T16:42:28+00:00","og_image":[{"width":5458,"height":2481,"url":"https:\/\/asynelectric.com\/wp-content\/uploads\/2025\/05\/logo-positivo-rojo-fondo-transparente.png","type":"image\/png"}],"twitter_card":"summary_large_image","twitter_misc":{"Tiempo de lectura":"1 minuto"},"schema":{"@context":"https:\/\/schema.org","@graph":[{"@type":"WebPage","@id":"https:\/\/asynelectric.com\/index.php\/product\/dispositivo-de-proteccion-contra-sobretensiones-4p-400v-100ka-serie-sp4-bc100-sigma-elektrik\/","url":"https:\/\/asynelectric.com\/index.php\/product\/dispositivo-de-proteccion-contra-sobretensiones-4p-400v-100ka-serie-sp4-bc100-sigma-elektrik\/","name":"DISPOSITIVO DE PROTECCI\u00d3N CONTRA SOBRETENSIONES TIPO 1+2 4P 400V 100kA\u2502SERIE SP4-BC100\u2502SIGMA ELEKTRIK - Asyn Electric","isPartOf":{"@id":"https:\/\/asynelectric.com\/#website"},"datePublished":"2025-05-17T16:09:05+00:00","dateModified":"2025-05-19T16:42:28+00:00","breadcrumb":{"@id":"https:\/\/asynelectric.com\/index.php\/product\/dispositivo-de-proteccion-contra-sobretensiones-4p-400v-100ka-serie-sp4-bc100-sigma-elektrik\/#breadcrumb"},"inLanguage":"es","potentialAction":[{"@type":"ReadAction","target":["https:\/\/asynelectric.com\/index.php\/product\/dispositivo-de-proteccion-contra-sobretensiones-4p-400v-100ka-serie-sp4-bc100-sigma-elektrik\/"]}]},{"@type":"BreadcrumbList","@id":"https:\/\/asynelectric.com\/index.php\/product\/dispositivo-de-proteccion-contra-sobretensiones-4p-400v-100ka-serie-sp4-bc100-sigma-elektrik\/#breadcrumb","itemListElement":[{"@type":"ListItem","position":1,"name":"Portada","item":"https:\/\/asynelectric.com\/"},{"@type":"ListItem","position":2,"name":"Productos","item":"https:\/\/asynelectric.com\/index.php\/products\/"},{"@type":"ListItem","position":3,"name":"DISPOSITIVO DE PROTECCI\u00d3N CONTRA SOBRETENSIONES TIPO 1+2 4P 400V 100kA\u2502SERIE SP4-BC100\u2502SIGMA ELEKTRIK"}]},{"@type":"WebSite","@id":"https:\/\/asynelectric.com\/#website","url":"https:\/\/asynelectric.com\/","name":"Asyn Electric","description":"Venta de productos electricos, automatizacion y domotica","publisher":{"@id":"https:\/\/asynelectric.com\/#organization"},"potentialAction":[{"@type":"SearchAction","target":{"@type":"EntryPoint","urlTemplate":"https:\/\/asynelectric.com\/?s={search_term_string}"},"query-input":{"@type":"PropertyValueSpecification","valueRequired":true,"valueName":"search_term_string"}}],"inLanguage":"es"},{"@type":"Organization","@id":"https:\/\/asynelectric.com\/#organization","name":"Asyn Electric","url":"https:\/\/asynelectric.com\/","logo":{"@type":"ImageObject","inLanguage":"es","@id":"https:\/\/asynelectric.com\/#\/schema\/logo\/image\/","url":"https:\/\/asynelectric.com\/wp-content\/uploads\/2025\/05\/ABB-1.png","contentUrl":"https:\/\/asynelectric.com\/wp-content\/uploads\/2025\/05\/ABB-1.png","width":2000,"height":2000,"caption":"Asyn Electric"},"image":{"@id":"https:\/\/asynelectric.com\/#\/schema\/logo\/image\/"},"sameAs":["https:\/\/www.facebook.com\/ASYNELECTRIC","https:\/\/www.instagram.com\/asynelectric.pe\/"]}]}},"_links":{"self":[{"href":"https:\/\/asynelectric.com\/index.php\/wp-json\/wp\/v2\/product\/1850","targetHints":{"allow":["GET"]}}],"collection":[{"href":"https:\/\/asynelectric.com\/index.php\/wp-json\/wp\/v2\/product"}],"about":[{"href":"https:\/\/asynelectric.com\/index.php\/wp-json\/wp\/v2\/types\/product"}],"wp:attachment":[{"href":"https:\/\/asynelectric.com\/index.php\/wp-json\/wp\/v2\/media?parent=1850"}],"wp:term":[{"taxonomy":"product_brand","embeddable":true,"href":"https:\/\/asynelectric.com\/index.php\/wp-json\/wp\/v2\/product_brand?post=1850"},{"taxonomy":"product_cat","embeddable":true,"href":"https:\/\/asynelectric.com\/index.php\/wp-json\/wp\/v2\/product_cat?post=1850"},{"taxonomy":"product_tag","embeddable":true,"href":"https:\/\/asynelectric.com\/index.php\/wp-json\/wp\/v2\/product_tag?post=1850"}],"curies":[{"name":"wp","href":"https:\/\/api.w.org\/{rel}","templated":true}]}}