{"id":1537,"date":"2025-05-03T19:04:57","date_gmt":"2025-05-04T00:04:57","guid":{"rendered":"https:\/\/asynelectric.com\/?post_type=product&#038;p=1537"},"modified":"2026-02-20T16:55:43","modified_gmt":"2026-02-20T21:55:43","slug":"contador-de-energia-monofasico-230vac-40a-7m-24-8-230-0001-finder","status":"publish","type":"product","link":"https:\/\/asynelectric.com\/index.php\/product\/contador-de-energia-monofasico-230vac-40a-7m-24-8-230-0001-finder\/","title":{"rendered":"CONTADOR DE ENERGIA MONOFASICO 230VAC 40A\u25027M.24.8.230.0001\u2502FINDER"},"content":{"rendered":"<p>Este contador de energ\u00eda monof\u00e1sico de la\u00a0Serie 7M\u00a0de Finder es una soluci\u00f3n compacta de un solo m\u00f3dulo (17.5 mm) dise\u00f1ada para el monitoreo eficiente del consumo el\u00e9ctrico en sistemas de hasta\u00a040A. El dispositivo destaca por su capacidad de\u00a0medici\u00f3n bidireccional, permitiendo registrar tanto la energ\u00eda importada como la exportada, lo cual es ideal para peque\u00f1as instalaciones fotovoltaicas o control interno en edificios. Cuenta con una pantalla\u00a0LCD retroiluminada\u00a0para una lectura clara de la energ\u00eda activa y una\u00a0salida de pulsos S0\u00a0para la integraci\u00f3n con sistemas de gesti\u00f3n remota. Adem\u00e1s, incorpora tecnolog\u00eda\u00a0NFC\u00a0que permite la configuraci\u00f3n y lectura de datos directamente desde un smartphone, incluso sin alimentaci\u00f3n el\u00e9ctrica, asegurando una gesti\u00f3n vers\u00e1til y simplificada del consumo en carril DIN.<\/p>\n","protected":false},"excerpt":{"rendered":"<p>Contador de energ\u00eda monof\u00e1sico de\u00a040A m\u00e1x.\u00a0para carril DIN, con pantalla LCD, salida de pulsos S0 y medici\u00f3n exclusiva de energ\u00eda activa (kWh).<\/p>\n","protected":false},"featured_media":2798,"template":"","meta":[],"product_brand":[53],"product_cat":[81],"product_tag":[],"class_list":{"0":"post-1537","1":"product","2":"type-product","3":"status-publish","4":"has-post-thumbnail","6":"product_brand-finder","7":"product_cat-medidores","9":"first","10":"instock","11":"taxable","12":"shipping-taxable","13":"product-type-simple"},"yoast_head":"<!-- This site is optimized with the Yoast SEO plugin v27.5 - https:\/\/yoast.com\/product\/yoast-seo-wordpress\/ -->\n<title>CONTADOR DE ENERGIA MONOFASICO 230VAC 40A\u25027M.24.8.230.0001\u2502FINDER - Asyn Electric<\/title>\n<meta name=\"robots\" content=\"noindex, follow\" \/>\n<meta property=\"og:locale\" content=\"es_ES\" \/>\n<meta property=\"og:type\" content=\"article\" \/>\n<meta property=\"og:title\" content=\"CONTADOR DE ENERGIA MONOFASICO 230VAC 40A\u25027M.24.8.230.0001\u2502FINDER - Asyn Electric\" \/>\n<meta property=\"og:description\" content=\"Contador de energ\u00eda monof\u00e1sico de\u00a040A m\u00e1x.\u00a0para carril DIN, con pantalla LCD, salida de pulsos S0 y medici\u00f3n exclusiva de energ\u00eda activa (kWh).\" \/>\n<meta property=\"og:url\" content=\"https:\/\/asynelectric.com\/index.php\/product\/contador-de-energia-monofasico-230vac-40a-7m-24-8-230-0001-finder\/\" \/>\n<meta property=\"og:site_name\" content=\"Asyn Electric\" \/>\n<meta property=\"article:publisher\" content=\"https:\/\/www.facebook.com\/ASYNELECTRIC\" \/>\n<meta property=\"article:modified_time\" content=\"2026-02-20T21:55:43+00:00\" \/>\n<meta property=\"og:image\" content=\"https:\/\/asynelectric.com\/wp-content\/uploads\/2026\/02\/78.png\" \/>\n\t<meta property=\"og:image:width\" content=\"2000\" \/>\n\t<meta property=\"og:image:height\" content=\"2000\" \/>\n\t<meta property=\"og:image:type\" content=\"image\/png\" \/>\n<meta name=\"twitter:card\" content=\"summary_large_image\" \/>\n<meta name=\"twitter:label1\" content=\"Tiempo de lectura\" \/>\n\t<meta name=\"twitter:data1\" content=\"1 minuto\" \/>\n<script type=\"application\/ld+json\" class=\"yoast-schema-graph\">{\"@context\":\"https:\\\/\\\/schema.org\",\"@graph\":[{\"@type\":\"WebPage\",\"@id\":\"https:\\\/\\\/asynelectric.com\\\/index.php\\\/product\\\/contador-de-energia-monofasico-230vac-40a-7m-24-8-230-0001-finder\\\/\",\"url\":\"https:\\\/\\\/asynelectric.com\\\/index.php\\\/product\\\/contador-de-energia-monofasico-230vac-40a-7m-24-8-230-0001-finder\\\/\",\"name\":\"CONTADOR DE ENERGIA MONOFASICO 230VAC 40A\u25027M.24.8.230.0001\u2502FINDER - Asyn Electric\",\"isPartOf\":{\"@id\":\"https:\\\/\\\/asynelectric.com\\\/#website\"},\"primaryImageOfPage\":{\"@id\":\"https:\\\/\\\/asynelectric.com\\\/index.php\\\/product\\\/contador-de-energia-monofasico-230vac-40a-7m-24-8-230-0001-finder\\\/#primaryimage\"},\"image\":{\"@id\":\"https:\\\/\\\/asynelectric.com\\\/index.php\\\/product\\\/contador-de-energia-monofasico-230vac-40a-7m-24-8-230-0001-finder\\\/#primaryimage\"},\"thumbnailUrl\":\"https:\\\/\\\/asynelectric.com\\\/wp-content\\\/uploads\\\/2026\\\/02\\\/78.png\",\"datePublished\":\"2025-05-04T00:04:57+00:00\",\"dateModified\":\"2026-02-20T21:55:43+00:00\",\"breadcrumb\":{\"@id\":\"https:\\\/\\\/asynelectric.com\\\/index.php\\\/product\\\/contador-de-energia-monofasico-230vac-40a-7m-24-8-230-0001-finder\\\/#breadcrumb\"},\"inLanguage\":\"es\",\"potentialAction\":[{\"@type\":\"ReadAction\",\"target\":[\"https:\\\/\\\/asynelectric.com\\\/index.php\\\/product\\\/contador-de-energia-monofasico-230vac-40a-7m-24-8-230-0001-finder\\\/\"]}]},{\"@type\":\"ImageObject\",\"inLanguage\":\"es\",\"@id\":\"https:\\\/\\\/asynelectric.com\\\/index.php\\\/product\\\/contador-de-energia-monofasico-230vac-40a-7m-24-8-230-0001-finder\\\/#primaryimage\",\"url\":\"https:\\\/\\\/asynelectric.com\\\/wp-content\\\/uploads\\\/2026\\\/02\\\/78.png\",\"contentUrl\":\"https:\\\/\\\/asynelectric.com\\\/wp-content\\\/uploads\\\/2026\\\/02\\\/78.png\",\"width\":2000,\"height\":2000},{\"@type\":\"BreadcrumbList\",\"@id\":\"https:\\\/\\\/asynelectric.com\\\/index.php\\\/product\\\/contador-de-energia-monofasico-230vac-40a-7m-24-8-230-0001-finder\\\/#breadcrumb\",\"itemListElement\":[{\"@type\":\"ListItem\",\"position\":1,\"name\":\"Portada\",\"item\":\"https:\\\/\\\/asynelectric.com\\\/\"},{\"@type\":\"ListItem\",\"position\":2,\"name\":\"Productos\",\"item\":\"https:\\\/\\\/asynelectric.com\\\/index.php\\\/products\\\/\"},{\"@type\":\"ListItem\",\"position\":3,\"name\":\"CONTADOR DE ENERGIA MONOFASICO 230VAC 40A\u25027M.24.8.230.0001\u2502FINDER\"}]},{\"@type\":\"WebSite\",\"@id\":\"https:\\\/\\\/asynelectric.com\\\/#website\",\"url\":\"https:\\\/\\\/asynelectric.com\\\/\",\"name\":\"Asyn Electric\",\"description\":\"Venta de productos electricos, automatizacion y domotica\",\"publisher\":{\"@id\":\"https:\\\/\\\/asynelectric.com\\\/#organization\"},\"potentialAction\":[{\"@type\":\"SearchAction\",\"target\":{\"@type\":\"EntryPoint\",\"urlTemplate\":\"https:\\\/\\\/asynelectric.com\\\/?s={search_term_string}\"},\"query-input\":{\"@type\":\"PropertyValueSpecification\",\"valueRequired\":true,\"valueName\":\"search_term_string\"}}],\"inLanguage\":\"es\"},{\"@type\":\"Organization\",\"@id\":\"https:\\\/\\\/asynelectric.com\\\/#organization\",\"name\":\"Asyn Electric\",\"url\":\"https:\\\/\\\/asynelectric.com\\\/\",\"logo\":{\"@type\":\"ImageObject\",\"inLanguage\":\"es\",\"@id\":\"https:\\\/\\\/asynelectric.com\\\/#\\\/schema\\\/logo\\\/image\\\/\",\"url\":\"https:\\\/\\\/asynelectric.com\\\/wp-content\\\/uploads\\\/2025\\\/05\\\/ABB-1.png\",\"contentUrl\":\"https:\\\/\\\/asynelectric.com\\\/wp-content\\\/uploads\\\/2025\\\/05\\\/ABB-1.png\",\"width\":2000,\"height\":2000,\"caption\":\"Asyn Electric\"},\"image\":{\"@id\":\"https:\\\/\\\/asynelectric.com\\\/#\\\/schema\\\/logo\\\/image\\\/\"},\"sameAs\":[\"https:\\\/\\\/www.facebook.com\\\/ASYNELECTRIC\",\"https:\\\/\\\/www.instagram.com\\\/asynelectric.pe\\\/\"]}]}<\/script>\n<!-- \/ Yoast SEO plugin. -->","yoast_head_json":{"title":"CONTADOR DE ENERGIA MONOFASICO 230VAC 40A\u25027M.24.8.230.0001\u2502FINDER - Asyn Electric","robots":{"index":"noindex","follow":"follow"},"og_locale":"es_ES","og_type":"article","og_title":"CONTADOR DE ENERGIA MONOFASICO 230VAC 40A\u25027M.24.8.230.0001\u2502FINDER - Asyn Electric","og_description":"Contador de energ\u00eda monof\u00e1sico de\u00a040A m\u00e1x.\u00a0para carril DIN, con pantalla LCD, salida de pulsos S0 y medici\u00f3n exclusiva de energ\u00eda activa (kWh).","og_url":"https:\/\/asynelectric.com\/index.php\/product\/contador-de-energia-monofasico-230vac-40a-7m-24-8-230-0001-finder\/","og_site_name":"Asyn Electric","article_publisher":"https:\/\/www.facebook.com\/ASYNELECTRIC","article_modified_time":"2026-02-20T21:55:43+00:00","og_image":[{"width":2000,"height":2000,"url":"https:\/\/asynelectric.com\/wp-content\/uploads\/2026\/02\/78.png","type":"image\/png"}],"twitter_card":"summary_large_image","twitter_misc":{"Tiempo de lectura":"1 minuto"},"schema":{"@context":"https:\/\/schema.org","@graph":[{"@type":"WebPage","@id":"https:\/\/asynelectric.com\/index.php\/product\/contador-de-energia-monofasico-230vac-40a-7m-24-8-230-0001-finder\/","url":"https:\/\/asynelectric.com\/index.php\/product\/contador-de-energia-monofasico-230vac-40a-7m-24-8-230-0001-finder\/","name":"CONTADOR DE ENERGIA MONOFASICO 230VAC 40A\u25027M.24.8.230.0001\u2502FINDER - Asyn Electric","isPartOf":{"@id":"https:\/\/asynelectric.com\/#website"},"primaryImageOfPage":{"@id":"https:\/\/asynelectric.com\/index.php\/product\/contador-de-energia-monofasico-230vac-40a-7m-24-8-230-0001-finder\/#primaryimage"},"image":{"@id":"https:\/\/asynelectric.com\/index.php\/product\/contador-de-energia-monofasico-230vac-40a-7m-24-8-230-0001-finder\/#primaryimage"},"thumbnailUrl":"https:\/\/asynelectric.com\/wp-content\/uploads\/2026\/02\/78.png","datePublished":"2025-05-04T00:04:57+00:00","dateModified":"2026-02-20T21:55:43+00:00","breadcrumb":{"@id":"https:\/\/asynelectric.com\/index.php\/product\/contador-de-energia-monofasico-230vac-40a-7m-24-8-230-0001-finder\/#breadcrumb"},"inLanguage":"es","potentialAction":[{"@type":"ReadAction","target":["https:\/\/asynelectric.com\/index.php\/product\/contador-de-energia-monofasico-230vac-40a-7m-24-8-230-0001-finder\/"]}]},{"@type":"ImageObject","inLanguage":"es","@id":"https:\/\/asynelectric.com\/index.php\/product\/contador-de-energia-monofasico-230vac-40a-7m-24-8-230-0001-finder\/#primaryimage","url":"https:\/\/asynelectric.com\/wp-content\/uploads\/2026\/02\/78.png","contentUrl":"https:\/\/asynelectric.com\/wp-content\/uploads\/2026\/02\/78.png","width":2000,"height":2000},{"@type":"BreadcrumbList","@id":"https:\/\/asynelectric.com\/index.php\/product\/contador-de-energia-monofasico-230vac-40a-7m-24-8-230-0001-finder\/#breadcrumb","itemListElement":[{"@type":"ListItem","position":1,"name":"Portada","item":"https:\/\/asynelectric.com\/"},{"@type":"ListItem","position":2,"name":"Productos","item":"https:\/\/asynelectric.com\/index.php\/products\/"},{"@type":"ListItem","position":3,"name":"CONTADOR DE ENERGIA MONOFASICO 230VAC 40A\u25027M.24.8.230.0001\u2502FINDER"}]},{"@type":"WebSite","@id":"https:\/\/asynelectric.com\/#website","url":"https:\/\/asynelectric.com\/","name":"Asyn Electric","description":"Venta de productos electricos, automatizacion y domotica","publisher":{"@id":"https:\/\/asynelectric.com\/#organization"},"potentialAction":[{"@type":"SearchAction","target":{"@type":"EntryPoint","urlTemplate":"https:\/\/asynelectric.com\/?s={search_term_string}"},"query-input":{"@type":"PropertyValueSpecification","valueRequired":true,"valueName":"search_term_string"}}],"inLanguage":"es"},{"@type":"Organization","@id":"https:\/\/asynelectric.com\/#organization","name":"Asyn Electric","url":"https:\/\/asynelectric.com\/","logo":{"@type":"ImageObject","inLanguage":"es","@id":"https:\/\/asynelectric.com\/#\/schema\/logo\/image\/","url":"https:\/\/asynelectric.com\/wp-content\/uploads\/2025\/05\/ABB-1.png","contentUrl":"https:\/\/asynelectric.com\/wp-content\/uploads\/2025\/05\/ABB-1.png","width":2000,"height":2000,"caption":"Asyn Electric"},"image":{"@id":"https:\/\/asynelectric.com\/#\/schema\/logo\/image\/"},"sameAs":["https:\/\/www.facebook.com\/ASYNELECTRIC","https:\/\/www.instagram.com\/asynelectric.pe\/"]}]}},"_links":{"self":[{"href":"https:\/\/asynelectric.com\/index.php\/wp-json\/wp\/v2\/product\/1537","targetHints":{"allow":["GET"]}}],"collection":[{"href":"https:\/\/asynelectric.com\/index.php\/wp-json\/wp\/v2\/product"}],"about":[{"href":"https:\/\/asynelectric.com\/index.php\/wp-json\/wp\/v2\/types\/product"}],"wp:featuredmedia":[{"embeddable":true,"href":"https:\/\/asynelectric.com\/index.php\/wp-json\/wp\/v2\/media\/2798"}],"wp:attachment":[{"href":"https:\/\/asynelectric.com\/index.php\/wp-json\/wp\/v2\/media?parent=1537"}],"wp:term":[{"taxonomy":"product_brand","embeddable":true,"href":"https:\/\/asynelectric.com\/index.php\/wp-json\/wp\/v2\/product_brand?post=1537"},{"taxonomy":"product_cat","embeddable":true,"href":"https:\/\/asynelectric.com\/index.php\/wp-json\/wp\/v2\/product_cat?post=1537"},{"taxonomy":"product_tag","embeddable":true,"href":"https:\/\/asynelectric.com\/index.php\/wp-json\/wp\/v2\/product_tag?post=1537"}],"curies":[{"name":"wp","href":"https:\/\/api.w.org\/{rel}","templated":true}]}}