{"id":1098,"date":"2025-04-12T10:49:04","date_gmt":"2025-04-12T15:49:04","guid":{"rendered":"https:\/\/asynelectric.com\/?post_type=product&#038;p=1098"},"modified":"2025-10-30T12:22:16","modified_gmt":"2025-10-30T17:22:16","slug":"plafon-redondo-inteligente-rgb-clrc-ismart","status":"publish","type":"product","link":"https:\/\/asynelectric.com\/index.php\/product\/plafon-redondo-inteligente-rgb-clrc-ismart\/","title":{"rendered":"PLAFON REDONDO INTELIGENTE RGB\u2502CLRC\u2502ISMART"},"content":{"rendered":"<p>Si eres fan de la tecnolog\u00eda y de la dom\u00f3tica este producto es ideal para t\u00ed.<\/p>\n<p>Nuestro Plaf\u00f3n redondo inteligente RGB cuenta con 3 efectos de iluminaci\u00f3n y sincronizaci\u00f3n de m\u00fasica: luz frontal de 24 W con 2700 K-6500 K, luz trasera de 4 W con m\u00e1s de 16 millones de colores. La luz delantera y la luz trasera pueden funcionar juntos o por separado.<\/p>\n<p>Control inteligente de aplicaci\u00f3n: Conecte su plaf\u00f3n redondo inteligente RGB a la aplicaci\u00f3n y podr\u00e1s manejarlo a distancia. Desde el app tu tendr\u00e1s el control del productos inteligente y controlaras colores precisos y suaves, atenuaci\u00f3n y temperatura de color, etc., utiliz\u00e1ndolo como temporizador y establece tu horario de iluminaci\u00f3n. Si olvidaste apagar las luces antes de salir de casa, no te preocupes, lo podr\u00e1s hacer desde tu celular.<\/p>\n<p>Los escenarios son editables, lo que significa que satisfar\u00e1 tus diferentes necesidades de iluminaci\u00f3n: leer, trabajar, bailar en el tiempo de la pel\u00edcula o dejar que se mueva a la m\u00fasica. El color de la iluminaci\u00f3n cambiar\u00e1 con los ritmos de m\u00fasica o tu micr\u00f3fono o aplausos de manos<\/p>\n<p>Podr\u00e1s controlarlo desde su propia aplicaci\u00f3n Ismart, o usar alternativas como Smart life y tuya Smart.<\/p>\n<p>Adem\u00e1s man\u00e9jalo por comandos de voz mediante los asistentes inteligentes Amazon Alexa y Google Assistant.<\/p>\n<p>A trav\u00e9s de la aplicaci\u00f3n podr\u00e1s agrupar varios productos inteligentes o usarlo de manera independiente: sala de estar, iluminaci\u00f3n del dormitorio, iluminaci\u00f3n del comedor.<\/p>\n","protected":false},"excerpt":{"rendered":"<p>Plaf\u00f3n inteligente, luz c\u00e1lida, fr\u00eda y RGB, programable, control a distancia, encendido y apagado remoto, Ismart.<\/p>\n","protected":false},"featured_media":913,"template":"","meta":[],"product_brand":[52],"product_cat":[106],"product_tag":[],"class_list":{"0":"post-1098","1":"product","2":"type-product","3":"status-publish","4":"has-post-thumbnail","6":"product_brand-ismart","7":"product_cat-luminarias-domotica","9":"first","10":"instock","11":"taxable","12":"shipping-taxable","13":"product-type-simple"},"yoast_head":"<!-- This site is optimized with the Yoast SEO plugin v27.5 - https:\/\/yoast.com\/product\/yoast-seo-wordpress\/ -->\n<title>PLAFON REDONDO INTELIGENTE RGB\u2502CLRC\u2502ISMART - Asyn Electric<\/title>\n<meta name=\"robots\" content=\"noindex, follow\" \/>\n<meta property=\"og:locale\" content=\"es_ES\" \/>\n<meta property=\"og:type\" content=\"article\" \/>\n<meta property=\"og:title\" content=\"PLAFON REDONDO INTELIGENTE RGB\u2502CLRC\u2502ISMART - Asyn Electric\" \/>\n<meta property=\"og:description\" content=\"Plaf\u00f3n inteligente, luz c\u00e1lida, fr\u00eda y RGB, programable, control a distancia, encendido y apagado remoto, Ismart.\" \/>\n<meta property=\"og:url\" content=\"https:\/\/asynelectric.com\/index.php\/product\/plafon-redondo-inteligente-rgb-clrc-ismart\/\" \/>\n<meta property=\"og:site_name\" content=\"Asyn Electric\" \/>\n<meta property=\"article:publisher\" content=\"https:\/\/www.facebook.com\/ASYNELECTRIC\" \/>\n<meta property=\"article:modified_time\" content=\"2025-10-30T17:22:16+00:00\" \/>\n<meta property=\"og:image\" content=\"https:\/\/asynelectric.com\/wp-content\/uploads\/2025\/04\/PLAFON-REDONDO-INTELIGENTE-RGB1.png\" \/>\n\t<meta property=\"og:image:width\" content=\"2000\" \/>\n\t<meta property=\"og:image:height\" content=\"2000\" \/>\n\t<meta property=\"og:image:type\" content=\"image\/png\" \/>\n<meta name=\"twitter:card\" content=\"summary_large_image\" \/>\n<meta name=\"twitter:label1\" content=\"Tiempo de lectura\" \/>\n\t<meta name=\"twitter:data1\" content=\"2 minutos\" \/>\n<script type=\"application\/ld+json\" class=\"yoast-schema-graph\">{\"@context\":\"https:\\\/\\\/schema.org\",\"@graph\":[{\"@type\":\"WebPage\",\"@id\":\"https:\\\/\\\/asynelectric.com\\\/index.php\\\/product\\\/plafon-redondo-inteligente-rgb-clrc-ismart\\\/\",\"url\":\"https:\\\/\\\/asynelectric.com\\\/index.php\\\/product\\\/plafon-redondo-inteligente-rgb-clrc-ismart\\\/\",\"name\":\"PLAFON REDONDO INTELIGENTE RGB\u2502CLRC\u2502ISMART - Asyn Electric\",\"isPartOf\":{\"@id\":\"https:\\\/\\\/asynelectric.com\\\/#website\"},\"primaryImageOfPage\":{\"@id\":\"https:\\\/\\\/asynelectric.com\\\/index.php\\\/product\\\/plafon-redondo-inteligente-rgb-clrc-ismart\\\/#primaryimage\"},\"image\":{\"@id\":\"https:\\\/\\\/asynelectric.com\\\/index.php\\\/product\\\/plafon-redondo-inteligente-rgb-clrc-ismart\\\/#primaryimage\"},\"thumbnailUrl\":\"https:\\\/\\\/asynelectric.com\\\/wp-content\\\/uploads\\\/2025\\\/04\\\/PLAFON-REDONDO-INTELIGENTE-RGB1.png\",\"datePublished\":\"2025-04-12T15:49:04+00:00\",\"dateModified\":\"2025-10-30T17:22:16+00:00\",\"breadcrumb\":{\"@id\":\"https:\\\/\\\/asynelectric.com\\\/index.php\\\/product\\\/plafon-redondo-inteligente-rgb-clrc-ismart\\\/#breadcrumb\"},\"inLanguage\":\"es\",\"potentialAction\":[{\"@type\":\"ReadAction\",\"target\":[\"https:\\\/\\\/asynelectric.com\\\/index.php\\\/product\\\/plafon-redondo-inteligente-rgb-clrc-ismart\\\/\"]}]},{\"@type\":\"ImageObject\",\"inLanguage\":\"es\",\"@id\":\"https:\\\/\\\/asynelectric.com\\\/index.php\\\/product\\\/plafon-redondo-inteligente-rgb-clrc-ismart\\\/#primaryimage\",\"url\":\"https:\\\/\\\/asynelectric.com\\\/wp-content\\\/uploads\\\/2025\\\/04\\\/PLAFON-REDONDO-INTELIGENTE-RGB1.png\",\"contentUrl\":\"https:\\\/\\\/asynelectric.com\\\/wp-content\\\/uploads\\\/2025\\\/04\\\/PLAFON-REDONDO-INTELIGENTE-RGB1.png\",\"width\":2000,\"height\":2000},{\"@type\":\"BreadcrumbList\",\"@id\":\"https:\\\/\\\/asynelectric.com\\\/index.php\\\/product\\\/plafon-redondo-inteligente-rgb-clrc-ismart\\\/#breadcrumb\",\"itemListElement\":[{\"@type\":\"ListItem\",\"position\":1,\"name\":\"Portada\",\"item\":\"https:\\\/\\\/asynelectric.com\\\/\"},{\"@type\":\"ListItem\",\"position\":2,\"name\":\"Productos\",\"item\":\"https:\\\/\\\/asynelectric.com\\\/index.php\\\/products\\\/\"},{\"@type\":\"ListItem\",\"position\":3,\"name\":\"PLAFON REDONDO INTELIGENTE RGB\u2502CLRC\u2502ISMART\"}]},{\"@type\":\"WebSite\",\"@id\":\"https:\\\/\\\/asynelectric.com\\\/#website\",\"url\":\"https:\\\/\\\/asynelectric.com\\\/\",\"name\":\"Asyn Electric\",\"description\":\"Venta de productos electricos, automatizacion y domotica\",\"publisher\":{\"@id\":\"https:\\\/\\\/asynelectric.com\\\/#organization\"},\"potentialAction\":[{\"@type\":\"SearchAction\",\"target\":{\"@type\":\"EntryPoint\",\"urlTemplate\":\"https:\\\/\\\/asynelectric.com\\\/?s={search_term_string}\"},\"query-input\":{\"@type\":\"PropertyValueSpecification\",\"valueRequired\":true,\"valueName\":\"search_term_string\"}}],\"inLanguage\":\"es\"},{\"@type\":\"Organization\",\"@id\":\"https:\\\/\\\/asynelectric.com\\\/#organization\",\"name\":\"Asyn Electric\",\"url\":\"https:\\\/\\\/asynelectric.com\\\/\",\"logo\":{\"@type\":\"ImageObject\",\"inLanguage\":\"es\",\"@id\":\"https:\\\/\\\/asynelectric.com\\\/#\\\/schema\\\/logo\\\/image\\\/\",\"url\":\"https:\\\/\\\/asynelectric.com\\\/wp-content\\\/uploads\\\/2025\\\/05\\\/ABB-1.png\",\"contentUrl\":\"https:\\\/\\\/asynelectric.com\\\/wp-content\\\/uploads\\\/2025\\\/05\\\/ABB-1.png\",\"width\":2000,\"height\":2000,\"caption\":\"Asyn Electric\"},\"image\":{\"@id\":\"https:\\\/\\\/asynelectric.com\\\/#\\\/schema\\\/logo\\\/image\\\/\"},\"sameAs\":[\"https:\\\/\\\/www.facebook.com\\\/ASYNELECTRIC\",\"https:\\\/\\\/www.instagram.com\\\/asynelectric.pe\\\/\"]}]}<\/script>\n<!-- \/ Yoast SEO plugin. -->","yoast_head_json":{"title":"PLAFON REDONDO INTELIGENTE RGB\u2502CLRC\u2502ISMART - Asyn Electric","robots":{"index":"noindex","follow":"follow"},"og_locale":"es_ES","og_type":"article","og_title":"PLAFON REDONDO INTELIGENTE RGB\u2502CLRC\u2502ISMART - Asyn Electric","og_description":"Plaf\u00f3n inteligente, luz c\u00e1lida, fr\u00eda y RGB, programable, control a distancia, encendido y apagado remoto, Ismart.","og_url":"https:\/\/asynelectric.com\/index.php\/product\/plafon-redondo-inteligente-rgb-clrc-ismart\/","og_site_name":"Asyn Electric","article_publisher":"https:\/\/www.facebook.com\/ASYNELECTRIC","article_modified_time":"2025-10-30T17:22:16+00:00","og_image":[{"width":2000,"height":2000,"url":"https:\/\/asynelectric.com\/wp-content\/uploads\/2025\/04\/PLAFON-REDONDO-INTELIGENTE-RGB1.png","type":"image\/png"}],"twitter_card":"summary_large_image","twitter_misc":{"Tiempo de lectura":"2 minutos"},"schema":{"@context":"https:\/\/schema.org","@graph":[{"@type":"WebPage","@id":"https:\/\/asynelectric.com\/index.php\/product\/plafon-redondo-inteligente-rgb-clrc-ismart\/","url":"https:\/\/asynelectric.com\/index.php\/product\/plafon-redondo-inteligente-rgb-clrc-ismart\/","name":"PLAFON REDONDO INTELIGENTE RGB\u2502CLRC\u2502ISMART - Asyn Electric","isPartOf":{"@id":"https:\/\/asynelectric.com\/#website"},"primaryImageOfPage":{"@id":"https:\/\/asynelectric.com\/index.php\/product\/plafon-redondo-inteligente-rgb-clrc-ismart\/#primaryimage"},"image":{"@id":"https:\/\/asynelectric.com\/index.php\/product\/plafon-redondo-inteligente-rgb-clrc-ismart\/#primaryimage"},"thumbnailUrl":"https:\/\/asynelectric.com\/wp-content\/uploads\/2025\/04\/PLAFON-REDONDO-INTELIGENTE-RGB1.png","datePublished":"2025-04-12T15:49:04+00:00","dateModified":"2025-10-30T17:22:16+00:00","breadcrumb":{"@id":"https:\/\/asynelectric.com\/index.php\/product\/plafon-redondo-inteligente-rgb-clrc-ismart\/#breadcrumb"},"inLanguage":"es","potentialAction":[{"@type":"ReadAction","target":["https:\/\/asynelectric.com\/index.php\/product\/plafon-redondo-inteligente-rgb-clrc-ismart\/"]}]},{"@type":"ImageObject","inLanguage":"es","@id":"https:\/\/asynelectric.com\/index.php\/product\/plafon-redondo-inteligente-rgb-clrc-ismart\/#primaryimage","url":"https:\/\/asynelectric.com\/wp-content\/uploads\/2025\/04\/PLAFON-REDONDO-INTELIGENTE-RGB1.png","contentUrl":"https:\/\/asynelectric.com\/wp-content\/uploads\/2025\/04\/PLAFON-REDONDO-INTELIGENTE-RGB1.png","width":2000,"height":2000},{"@type":"BreadcrumbList","@id":"https:\/\/asynelectric.com\/index.php\/product\/plafon-redondo-inteligente-rgb-clrc-ismart\/#breadcrumb","itemListElement":[{"@type":"ListItem","position":1,"name":"Portada","item":"https:\/\/asynelectric.com\/"},{"@type":"ListItem","position":2,"name":"Productos","item":"https:\/\/asynelectric.com\/index.php\/products\/"},{"@type":"ListItem","position":3,"name":"PLAFON REDONDO INTELIGENTE RGB\u2502CLRC\u2502ISMART"}]},{"@type":"WebSite","@id":"https:\/\/asynelectric.com\/#website","url":"https:\/\/asynelectric.com\/","name":"Asyn Electric","description":"Venta de productos electricos, automatizacion y domotica","publisher":{"@id":"https:\/\/asynelectric.com\/#organization"},"potentialAction":[{"@type":"SearchAction","target":{"@type":"EntryPoint","urlTemplate":"https:\/\/asynelectric.com\/?s={search_term_string}"},"query-input":{"@type":"PropertyValueSpecification","valueRequired":true,"valueName":"search_term_string"}}],"inLanguage":"es"},{"@type":"Organization","@id":"https:\/\/asynelectric.com\/#organization","name":"Asyn Electric","url":"https:\/\/asynelectric.com\/","logo":{"@type":"ImageObject","inLanguage":"es","@id":"https:\/\/asynelectric.com\/#\/schema\/logo\/image\/","url":"https:\/\/asynelectric.com\/wp-content\/uploads\/2025\/05\/ABB-1.png","contentUrl":"https:\/\/asynelectric.com\/wp-content\/uploads\/2025\/05\/ABB-1.png","width":2000,"height":2000,"caption":"Asyn Electric"},"image":{"@id":"https:\/\/asynelectric.com\/#\/schema\/logo\/image\/"},"sameAs":["https:\/\/www.facebook.com\/ASYNELECTRIC","https:\/\/www.instagram.com\/asynelectric.pe\/"]}]}},"_links":{"self":[{"href":"https:\/\/asynelectric.com\/index.php\/wp-json\/wp\/v2\/product\/1098","targetHints":{"allow":["GET"]}}],"collection":[{"href":"https:\/\/asynelectric.com\/index.php\/wp-json\/wp\/v2\/product"}],"about":[{"href":"https:\/\/asynelectric.com\/index.php\/wp-json\/wp\/v2\/types\/product"}],"wp:featuredmedia":[{"embeddable":true,"href":"https:\/\/asynelectric.com\/index.php\/wp-json\/wp\/v2\/media\/913"}],"wp:attachment":[{"href":"https:\/\/asynelectric.com\/index.php\/wp-json\/wp\/v2\/media?parent=1098"}],"wp:term":[{"taxonomy":"product_brand","embeddable":true,"href":"https:\/\/asynelectric.com\/index.php\/wp-json\/wp\/v2\/product_brand?post=1098"},{"taxonomy":"product_cat","embeddable":true,"href":"https:\/\/asynelectric.com\/index.php\/wp-json\/wp\/v2\/product_cat?post=1098"},{"taxonomy":"product_tag","embeddable":true,"href":"https:\/\/asynelectric.com\/index.php\/wp-json\/wp\/v2\/product_tag?post=1098"}],"curies":[{"name":"wp","href":"https:\/\/api.w.org\/{rel}","templated":true}]}}