{"id":1090,"date":"2025-04-12T10:32:47","date_gmt":"2025-04-12T15:32:47","guid":{"rendered":"https:\/\/asynelectric.com\/?post_type=product&#038;p=1090"},"modified":"2025-10-30T11:48:28","modified_gmt":"2025-10-30T16:48:28","slug":"cinta-led-inteligente-usb-rgb-lsc-ismart","status":"publish","type":"product","link":"https:\/\/asynelectric.com\/index.php\/product\/cinta-led-inteligente-usb-rgb-lsc-ismart\/","title":{"rendered":"CINTA LED INTELIGENTE USB RGB\u2502LSC\u2502ISMART"},"content":{"rendered":"<p data-start=\"66\" data-end=\"287\">La <strong data-start=\"69\" data-end=\"94\">cinta LED inteligente<\/strong> transforma cualquier espacio en un ambiente lleno de color y estilo. Con millones de tonos <strong data-start=\"186\" data-end=\"193\">RGB<\/strong>, puedes crear atm\u00f3sferas \u00fanicas: desde una iluminaci\u00f3n relajante hasta una fiesta vibrante.<\/p>\n<p data-start=\"289\" data-end=\"544\">Su <strong data-start=\"292\" data-end=\"308\">conexi\u00f3n USB<\/strong> permite una instalaci\u00f3n r\u00e1pida y sin complicaciones \u2014ideal para tu TV, escritorio o habitaci\u00f3n. Mediante la app <strong data-start=\"421\" data-end=\"431\">iSmart<\/strong>, <strong data-start=\"433\" data-end=\"447\">Smart Life<\/strong> o <strong data-start=\"450\" data-end=\"464\">Tuya Smart<\/strong>, controla colores, brillo, efectos e incluso sincroniza la luz con la m\u00fasica.<\/p>\n<p data-start=\"546\" data-end=\"722\">Adem\u00e1s, es compatible con <strong data-start=\"572\" data-end=\"581\">Alexa<\/strong> y <strong data-start=\"584\" data-end=\"604\">Google Assistant<\/strong>, permiti\u00e9ndote manejarla con comandos de voz. Perfecta para dar vida y personalidad a cualquier rinc\u00f3n de tu hogar.<\/p>\n","protected":false},"excerpt":{"rendered":"<p>Cinta led inteligente usb, luz RGB, programable, control a distancia, encendido y apagado remoto, Ismart.<\/p>\n","protected":false},"featured_media":870,"template":"","meta":[],"product_brand":[52],"product_cat":[106],"product_tag":[],"class_list":{"0":"post-1090","1":"product","2":"type-product","3":"status-publish","4":"has-post-thumbnail","6":"product_brand-ismart","7":"product_cat-luminarias-domotica","9":"first","10":"instock","11":"taxable","12":"shipping-taxable","13":"product-type-simple"},"yoast_head":"<!-- This site is optimized with the Yoast SEO plugin v27.5 - https:\/\/yoast.com\/product\/yoast-seo-wordpress\/ -->\n<title>CINTA LED INTELIGENTE USB RGB\u2502LSC\u2502ISMART - Asyn Electric<\/title>\n<meta name=\"robots\" content=\"noindex, follow\" \/>\n<meta property=\"og:locale\" content=\"es_ES\" \/>\n<meta property=\"og:type\" content=\"article\" \/>\n<meta property=\"og:title\" content=\"CINTA LED INTELIGENTE USB RGB\u2502LSC\u2502ISMART - Asyn Electric\" \/>\n<meta property=\"og:description\" content=\"Cinta led inteligente usb, luz RGB, programable, control a distancia, encendido y apagado remoto, Ismart.\" \/>\n<meta property=\"og:url\" content=\"https:\/\/asynelectric.com\/index.php\/product\/cinta-led-inteligente-usb-rgb-lsc-ismart\/\" \/>\n<meta property=\"og:site_name\" content=\"Asyn Electric\" \/>\n<meta property=\"article:publisher\" content=\"https:\/\/www.facebook.com\/ASYNELECTRIC\" \/>\n<meta property=\"article:modified_time\" content=\"2025-10-30T16:48:28+00:00\" \/>\n<meta property=\"og:image\" content=\"https:\/\/asynelectric.com\/wp-content\/uploads\/2025\/04\/CINTA-LED-INTELIGENTE-USB-RGB1.png\" \/>\n\t<meta property=\"og:image:width\" content=\"1024\" \/>\n\t<meta property=\"og:image:height\" content=\"1024\" \/>\n\t<meta property=\"og:image:type\" content=\"image\/png\" \/>\n<meta name=\"twitter:card\" content=\"summary_large_image\" \/>\n<meta name=\"twitter:label1\" content=\"Tiempo de lectura\" \/>\n\t<meta name=\"twitter:data1\" content=\"1 minuto\" \/>\n<script type=\"application\/ld+json\" class=\"yoast-schema-graph\">{\"@context\":\"https:\\\/\\\/schema.org\",\"@graph\":[{\"@type\":\"WebPage\",\"@id\":\"https:\\\/\\\/asynelectric.com\\\/index.php\\\/product\\\/cinta-led-inteligente-usb-rgb-lsc-ismart\\\/\",\"url\":\"https:\\\/\\\/asynelectric.com\\\/index.php\\\/product\\\/cinta-led-inteligente-usb-rgb-lsc-ismart\\\/\",\"name\":\"CINTA LED INTELIGENTE USB RGB\u2502LSC\u2502ISMART - Asyn Electric\",\"isPartOf\":{\"@id\":\"https:\\\/\\\/asynelectric.com\\\/#website\"},\"primaryImageOfPage\":{\"@id\":\"https:\\\/\\\/asynelectric.com\\\/index.php\\\/product\\\/cinta-led-inteligente-usb-rgb-lsc-ismart\\\/#primaryimage\"},\"image\":{\"@id\":\"https:\\\/\\\/asynelectric.com\\\/index.php\\\/product\\\/cinta-led-inteligente-usb-rgb-lsc-ismart\\\/#primaryimage\"},\"thumbnailUrl\":\"https:\\\/\\\/asynelectric.com\\\/wp-content\\\/uploads\\\/2025\\\/04\\\/CINTA-LED-INTELIGENTE-USB-RGB1.png\",\"datePublished\":\"2025-04-12T15:32:47+00:00\",\"dateModified\":\"2025-10-30T16:48:28+00:00\",\"breadcrumb\":{\"@id\":\"https:\\\/\\\/asynelectric.com\\\/index.php\\\/product\\\/cinta-led-inteligente-usb-rgb-lsc-ismart\\\/#breadcrumb\"},\"inLanguage\":\"es\",\"potentialAction\":[{\"@type\":\"ReadAction\",\"target\":[\"https:\\\/\\\/asynelectric.com\\\/index.php\\\/product\\\/cinta-led-inteligente-usb-rgb-lsc-ismart\\\/\"]}]},{\"@type\":\"ImageObject\",\"inLanguage\":\"es\",\"@id\":\"https:\\\/\\\/asynelectric.com\\\/index.php\\\/product\\\/cinta-led-inteligente-usb-rgb-lsc-ismart\\\/#primaryimage\",\"url\":\"https:\\\/\\\/asynelectric.com\\\/wp-content\\\/uploads\\\/2025\\\/04\\\/CINTA-LED-INTELIGENTE-USB-RGB1.png\",\"contentUrl\":\"https:\\\/\\\/asynelectric.com\\\/wp-content\\\/uploads\\\/2025\\\/04\\\/CINTA-LED-INTELIGENTE-USB-RGB1.png\",\"width\":2000,\"height\":2000},{\"@type\":\"BreadcrumbList\",\"@id\":\"https:\\\/\\\/asynelectric.com\\\/index.php\\\/product\\\/cinta-led-inteligente-usb-rgb-lsc-ismart\\\/#breadcrumb\",\"itemListElement\":[{\"@type\":\"ListItem\",\"position\":1,\"name\":\"Portada\",\"item\":\"https:\\\/\\\/asynelectric.com\\\/\"},{\"@type\":\"ListItem\",\"position\":2,\"name\":\"Productos\",\"item\":\"https:\\\/\\\/asynelectric.com\\\/index.php\\\/products\\\/\"},{\"@type\":\"ListItem\",\"position\":3,\"name\":\"CINTA LED INTELIGENTE USB RGB\u2502LSC\u2502ISMART\"}]},{\"@type\":\"WebSite\",\"@id\":\"https:\\\/\\\/asynelectric.com\\\/#website\",\"url\":\"https:\\\/\\\/asynelectric.com\\\/\",\"name\":\"Asyn Electric\",\"description\":\"Venta de productos electricos, automatizacion y domotica\",\"publisher\":{\"@id\":\"https:\\\/\\\/asynelectric.com\\\/#organization\"},\"potentialAction\":[{\"@type\":\"SearchAction\",\"target\":{\"@type\":\"EntryPoint\",\"urlTemplate\":\"https:\\\/\\\/asynelectric.com\\\/?s={search_term_string}\"},\"query-input\":{\"@type\":\"PropertyValueSpecification\",\"valueRequired\":true,\"valueName\":\"search_term_string\"}}],\"inLanguage\":\"es\"},{\"@type\":\"Organization\",\"@id\":\"https:\\\/\\\/asynelectric.com\\\/#organization\",\"name\":\"Asyn Electric\",\"url\":\"https:\\\/\\\/asynelectric.com\\\/\",\"logo\":{\"@type\":\"ImageObject\",\"inLanguage\":\"es\",\"@id\":\"https:\\\/\\\/asynelectric.com\\\/#\\\/schema\\\/logo\\\/image\\\/\",\"url\":\"https:\\\/\\\/asynelectric.com\\\/wp-content\\\/uploads\\\/2025\\\/05\\\/ABB-1.png\",\"contentUrl\":\"https:\\\/\\\/asynelectric.com\\\/wp-content\\\/uploads\\\/2025\\\/05\\\/ABB-1.png\",\"width\":2000,\"height\":2000,\"caption\":\"Asyn Electric\"},\"image\":{\"@id\":\"https:\\\/\\\/asynelectric.com\\\/#\\\/schema\\\/logo\\\/image\\\/\"},\"sameAs\":[\"https:\\\/\\\/www.facebook.com\\\/ASYNELECTRIC\",\"https:\\\/\\\/www.instagram.com\\\/asynelectric.pe\\\/\"]}]}<\/script>\n<!-- \/ Yoast SEO plugin. -->","yoast_head_json":{"title":"CINTA LED INTELIGENTE USB RGB\u2502LSC\u2502ISMART - Asyn Electric","robots":{"index":"noindex","follow":"follow"},"og_locale":"es_ES","og_type":"article","og_title":"CINTA LED INTELIGENTE USB RGB\u2502LSC\u2502ISMART - Asyn Electric","og_description":"Cinta led inteligente usb, luz RGB, programable, control a distancia, encendido y apagado remoto, Ismart.","og_url":"https:\/\/asynelectric.com\/index.php\/product\/cinta-led-inteligente-usb-rgb-lsc-ismart\/","og_site_name":"Asyn Electric","article_publisher":"https:\/\/www.facebook.com\/ASYNELECTRIC","article_modified_time":"2025-10-30T16:48:28+00:00","og_image":[{"url":"https:\/\/asynelectric.com\/wp-content\/uploads\/2025\/04\/CINTA-LED-INTELIGENTE-USB-RGB1.png","width":1024,"height":1024,"type":"image\/png"}],"twitter_card":"summary_large_image","twitter_misc":{"Tiempo de lectura":"1 minuto"},"schema":{"@context":"https:\/\/schema.org","@graph":[{"@type":"WebPage","@id":"https:\/\/asynelectric.com\/index.php\/product\/cinta-led-inteligente-usb-rgb-lsc-ismart\/","url":"https:\/\/asynelectric.com\/index.php\/product\/cinta-led-inteligente-usb-rgb-lsc-ismart\/","name":"CINTA LED INTELIGENTE USB RGB\u2502LSC\u2502ISMART - Asyn Electric","isPartOf":{"@id":"https:\/\/asynelectric.com\/#website"},"primaryImageOfPage":{"@id":"https:\/\/asynelectric.com\/index.php\/product\/cinta-led-inteligente-usb-rgb-lsc-ismart\/#primaryimage"},"image":{"@id":"https:\/\/asynelectric.com\/index.php\/product\/cinta-led-inteligente-usb-rgb-lsc-ismart\/#primaryimage"},"thumbnailUrl":"https:\/\/asynelectric.com\/wp-content\/uploads\/2025\/04\/CINTA-LED-INTELIGENTE-USB-RGB1.png","datePublished":"2025-04-12T15:32:47+00:00","dateModified":"2025-10-30T16:48:28+00:00","breadcrumb":{"@id":"https:\/\/asynelectric.com\/index.php\/product\/cinta-led-inteligente-usb-rgb-lsc-ismart\/#breadcrumb"},"inLanguage":"es","potentialAction":[{"@type":"ReadAction","target":["https:\/\/asynelectric.com\/index.php\/product\/cinta-led-inteligente-usb-rgb-lsc-ismart\/"]}]},{"@type":"ImageObject","inLanguage":"es","@id":"https:\/\/asynelectric.com\/index.php\/product\/cinta-led-inteligente-usb-rgb-lsc-ismart\/#primaryimage","url":"https:\/\/asynelectric.com\/wp-content\/uploads\/2025\/04\/CINTA-LED-INTELIGENTE-USB-RGB1.png","contentUrl":"https:\/\/asynelectric.com\/wp-content\/uploads\/2025\/04\/CINTA-LED-INTELIGENTE-USB-RGB1.png","width":2000,"height":2000},{"@type":"BreadcrumbList","@id":"https:\/\/asynelectric.com\/index.php\/product\/cinta-led-inteligente-usb-rgb-lsc-ismart\/#breadcrumb","itemListElement":[{"@type":"ListItem","position":1,"name":"Portada","item":"https:\/\/asynelectric.com\/"},{"@type":"ListItem","position":2,"name":"Productos","item":"https:\/\/asynelectric.com\/index.php\/products\/"},{"@type":"ListItem","position":3,"name":"CINTA LED INTELIGENTE USB RGB\u2502LSC\u2502ISMART"}]},{"@type":"WebSite","@id":"https:\/\/asynelectric.com\/#website","url":"https:\/\/asynelectric.com\/","name":"Asyn Electric","description":"Venta de productos electricos, automatizacion y domotica","publisher":{"@id":"https:\/\/asynelectric.com\/#organization"},"potentialAction":[{"@type":"SearchAction","target":{"@type":"EntryPoint","urlTemplate":"https:\/\/asynelectric.com\/?s={search_term_string}"},"query-input":{"@type":"PropertyValueSpecification","valueRequired":true,"valueName":"search_term_string"}}],"inLanguage":"es"},{"@type":"Organization","@id":"https:\/\/asynelectric.com\/#organization","name":"Asyn Electric","url":"https:\/\/asynelectric.com\/","logo":{"@type":"ImageObject","inLanguage":"es","@id":"https:\/\/asynelectric.com\/#\/schema\/logo\/image\/","url":"https:\/\/asynelectric.com\/wp-content\/uploads\/2025\/05\/ABB-1.png","contentUrl":"https:\/\/asynelectric.com\/wp-content\/uploads\/2025\/05\/ABB-1.png","width":2000,"height":2000,"caption":"Asyn Electric"},"image":{"@id":"https:\/\/asynelectric.com\/#\/schema\/logo\/image\/"},"sameAs":["https:\/\/www.facebook.com\/ASYNELECTRIC","https:\/\/www.instagram.com\/asynelectric.pe\/"]}]}},"_links":{"self":[{"href":"https:\/\/asynelectric.com\/index.php\/wp-json\/wp\/v2\/product\/1090","targetHints":{"allow":["GET"]}}],"collection":[{"href":"https:\/\/asynelectric.com\/index.php\/wp-json\/wp\/v2\/product"}],"about":[{"href":"https:\/\/asynelectric.com\/index.php\/wp-json\/wp\/v2\/types\/product"}],"wp:featuredmedia":[{"embeddable":true,"href":"https:\/\/asynelectric.com\/index.php\/wp-json\/wp\/v2\/media\/870"}],"wp:attachment":[{"href":"https:\/\/asynelectric.com\/index.php\/wp-json\/wp\/v2\/media?parent=1090"}],"wp:term":[{"taxonomy":"product_brand","embeddable":true,"href":"https:\/\/asynelectric.com\/index.php\/wp-json\/wp\/v2\/product_brand?post=1090"},{"taxonomy":"product_cat","embeddable":true,"href":"https:\/\/asynelectric.com\/index.php\/wp-json\/wp\/v2\/product_cat?post=1090"},{"taxonomy":"product_tag","embeddable":true,"href":"https:\/\/asynelectric.com\/index.php\/wp-json\/wp\/v2\/product_tag?post=1090"}],"curies":[{"name":"wp","href":"https:\/\/api.w.org\/{rel}","templated":true}]}}